 is the units digit of h?
2
Suppose -1 - 50 = -4*o - 5*r, r - 3 = 0. Suppose 0 = -j + 10 + o. What is the tens digit of j?
1
Suppose -4*z = -3*r - 137, -4*z + 200 = -r + 53. What is the units digit of z?
8
Let x be (-150)/(-22) + (-2)/(-11). Let i(o) = 3*o - 3. Let k be i(x). Suppose -j = j - k. What is the units digit of j?
9
Suppose -j - 2*j = 24. Let v(w) = -w - 4. Let z be v(j). What is the units digit of 1/z - 6/(-8)?
1
Suppose -108 = -4*c + 4*b, -9 = c + b - 30. What is the tens digit of c?
2
Suppose -90 = -5*u - 5*w, -4*u + 2*w + 70 + 20 = 0. What is the units digit of u?
1
What is the units digit of 6/4 - 671/(-22)?
2
Suppose -4*b + 12 = 4*d, -2*d + b + 9 = -3. Suppose -5*t = 3*n + 67, d*n + 121 = -0*t + t. What is the units digit of ((-1)/(-2))/((-2)/n)?
6
Let v(f) = f + 8. Let r be v(-6). Suppose -r*x - q + 35 = 0, -3*q + q = -2. What is the tens digit of x?
1
What is the hundreds digit of ((-4)/(-30) - 34/30) + 368?
3
Let c be ((-9)/(-6))/((-6)/8). Suppose -4*l + 0 = -4*d - 16, 2*l - 4 = -2*d. Let b = c + l. What is the units digit of b?
1
Suppose 4*h = 3*x - 21, -4*x + 8 + 1 = h. Suppose -5*b = -0*b. Suppose 0 = x*y + 9, -2*y + b*y - 3 = 3*s. What is the units digit of s?
1
Let o be (-92)/(-8) - 1/(-2). Suppose 0 = -0*v - 2*v + o. Let a(f) = -f**2 + 9*f - 9. What is the units digit of a(v)?
9
Let u be 1*(0 - 2)/(-2). Let x be 1*(-23 - (u - 1)). Let q = -15 - x. What is the units digit of q?
8
Let d(a) be the first derivative of a**3/3 - 5*a**2 + 17*a - 1. What is the units digit of d(8)?
1
Let u = 194 - 114. What is the tens digit of u?
8
Let a(j) = j**2 - 14*j + 14*j. Let y be a(2). Suppose -h = 3*p - y*h, 0 = 5*h - 25. What is the units digit of p?
5
Suppose -3*p = y - 574, -2*p + 946 = 3*p - y. What is the units digit of p?
0
Suppose -2*h - l + 13 - 1 = 0, 3*l = 0. Suppose h*o - 21 = 3*o. What is the units digit of o?
7
Let i(z) be the first derivative of 2*z**2 + 4*z - 4. What is the units digit of i(6)?
8
What is the units digit of 52/(0 + 4) - -1?
4
Let k(p) = -1. Let z(h) = -11*h - 1. Let c(l) = 3*k(l) + z(l). What is the units digit of c(-2)?
8
What is the units digit of (-32)/(-4) - (-1 - 0)?
9
Let n be (1 - 6)/((-2)/38). Suppose -5*o = -3*l - o + n, -5*l + 135 = -2*o. What is the tens digit of l?
2
Let s(j) = j**2 + 8*j + 7. Let i be s(-6). Let p(q) be the first derivative of q**4/4 + 2*q**3 + 2*q**2 - 1. What is the units digit of p(i)?
5
Suppose -12*i = -11*i - 192. What is the hundreds digit of i?
1
Suppose -5*d - b + 86 = -190, -4*b = 16. What is the tens digit of d?
5
Let k(m) be the third derivative of -m**4/8 + 8*m**3/3 + 7*m**2. What is the tens digit of k(-9)?
4
Let l = -64 + 111. What is the tens digit of 1/2 - l/(-2)?
2
Let c(u) = -u**2 - u**2 + 3*u**2 - 4. Let d be c(-3). Suppose -4*r + d = r. What is the units digit of r?
1
Suppose j - 3 = -14. Let x = -2 - j. What is the units digit of x?
9
Let s(b) = b + 6. Let w be s(-5). Suppose -53 = -9*q - 17. Let p = q - w. What is the units digit of p?
3
Let w(t) = t**2 + 3*t - 3. Let m(y) = 2*y + 4. Let g be m(-4). Let k be w(g). Let j(z) = 11*z**3 + z**2 - 2*z + 1. What is the tens digit of j(k)?
1
Let q(j) = j**3 - 3*j**2 - 5*j + 9. What is the units digit of q(4)?
5
Suppose o = 6*o - 3*s, 0 = -5*o + 2*s + 5. Suppose -t = -0 - o. Suppose -3*n - 2*n + 18 = -t*f, 3 = -3*f. What is the units digit of n?
3
Let f(u) = u**3 - 4*u**2 + 2*u - 6. Let x be f(4). Suppose 26 = -0*b + x*b. What is the tens digit of b?
1
Suppose j = 4*t - 12, 0 = -2*t + 6*t - 4*j - 12. What is the units digit of 85/(-5)*(2 - t)?
7
Let x(s) = s**2 + 4*s - 3. Let o be x(-5). Suppose -5*a - 15 = 0, -5*b + 24 = -o*a - a. What is the units digit of b?
3
Suppose -2*v - 6 = -118. What is the units digit of v?
6
Let z = 8 - 6. Suppose -3*p = j - 32, -j - z*j = 4*p - 41. What is the units digit of p?
1
Let l(j) = -2*j**3 + 8*j**2 + 2*j - 1. What is the units digit of l(4)?
7
What is the tens digit of (-216)/(-2) + 0 + 4?
1
Let l(y) = -6*y**3 + 9*y**2 + 7*y. Let z(w) = 3*w**3 - 5*w**2 - 4*w. Let j(k) = 3*l(k) + 5*z(k). Suppose -5*t = -2 + 7. What is the units digit of j(t)?
4
Suppose 0 = 3*b + 2*s - s - 335, b + 5*s = 135. What is the hundreds digit of b?
1
Let w = 8 + -20. Let a be (-18)/4*w/9. What is the units digit of 24*((-4)/a + 1)?
8
Let i = -2 + 4. Suppose 5*o = 3*v + v + 74, -o = i*v - 26. What is the units digit of o?
8
Let y(f) = -4*f**3 + f**2 - f. Let z be y(1). What is the units digit of (-224)/(-21) - z/(-6)?
0
Let j(l) = 3*l + 1. Let u be j(3). Let a = u - 2. What is the units digit of a?
8
Let g = 75 - -39. What is the units digit of g?
4
Let g = -6 + 10. Let u = g + -2. What is the units digit of (-4 - -1) + u + 3?
2
What is the units digit of (3 - 1 - 5) + 5?
2
Let p(f) be the third derivative of -7*f**4/24 - f**3/6 - f**2. Let d(z) = -z**2 + 5*z - 1. Let r be d(5). What is the units digit of p(r)?
6
Suppose -3*q + 505 - 3 = -4*v, -3*v - 169 = -q. What is the hundreds digit of q?
1
What is the hundreds digit of (-10590)/(-60) - (-2)/4?
1
Let m = -2 - -2. Suppose 3*z + z - 60 = m. What is the units digit of z?
5
Let t = 275 + -61. What is the hundreds digit of t?
2
Suppose 0 = 2*v + 4*j - 102, -6*v = -10*v - 3*j + 204. What is the units digit of v?
1
Let l = -71 + 143. What is the tens digit of l?
7
Suppose 0*l = -2*l + 20. Suppose l*q = 11*q - 15. What is the units digit of q?
5
Suppose -5*m = -2*q - 25, 3*m - 15 = 3*q - 2*q. Suppose -2*f + 0*f - 10 = 0. What is the units digit of f*4/(-2) - q?
0
Let v(g) = 4*g + 4. Let i(m) be the first derivative of -m**2/2 + 2. Let x(b) = -2*i(b) - v(b). What is the units digit of x(-3)?
2
Suppose 24 = 5*s - 151. What is the tens digit of s?
3
Let q(t) = t. Let w(o) = 5*o - 19. Let b(m) = 4*q(m) - w(m). What is the units digit of b(13)?
6
Let n(t) = -t**2 + 4. Let u be n(0). Suppose 5*c - c + 28 = u*m, -5 = -2*m - c. Suppose -20 = -2*v + 4*l, 5*v - 3*l = -m*l + 17. What is the units digit of v?
4
Let t(p) = -p**3 - 11*p**2 + 3*p - 3. What is the hundreds digit of t(-12)?
1
Suppose -5*x + 2*x + 9 = 0. Let c(g) = -g. Let m be c(-11). Suppose 2*y - x*y + m = 0. What is the tens digit of y?
1
Let p be -3 + 6 + (-2)/(-2). Suppose -p*z = -0*z - 76. What is the tens digit of z?
1
Let k(c) = 20*c + 9. What is the units digit of k(8)?
9
Let x(h) = 1 + 6 - 2*h + 3*h + h**2. What is the units digit of x(0)?
7
Suppose -18 = -2*h + 4*a + 90, -3*a - 6 = 0. What is the tens digit of h?
5
Let t(p) = p + 3. Let u be t(-7). Let q be u/(-14) + 64/(-28). What is the units digit of (-1)/q + (-18)/(-4)?
5
Let r = 3 + -3. Let m(g) = g**2 + g - 1 + r + 11*g**3 - 2*g**2. What is the units digit of m(1)?
0
Suppose -19 = 2*g - 3*g. What is the tens digit of g?
1
Suppose 4*n - 4*d - 1402 = -3*d, 0 = 2*n - d - 700. What is the tens digit of n?
5
Let h be 6/27 - 196/(-9). Suppose 2*b - h = 2*j, 3*b = -0*j - j + 49. What is the units digit of b?
5
Suppose o - 3 - 2 = 0. Suppose 0 = -b - 1 + 6. Suppose -o*s + 26 = b*k - 3*k, 18 = 2*s - 3*k. What is the units digit of s?
6
Let k(z) = z**2 - 3*z - 8. What is the units digit of k(6)?
0
Suppose 0 = 3*r - 4*k - 553, -5*r + 0*k + 899 = -k. What is the tens digit of r?
7
Let d(t) = 2*t**2 - 2*t. Suppose 0*w - 4*w - 3*o - 21 = 0, -o = w + 5. Let l = w - -9. What is the units digit of d(l)?
2
Let t = 63 + 91. What is the units digit of t?
4
Suppose -29 = -2*o - 5*z, -5*o + 4*z - z + 26 = 0. Suppose 134 = 4*r - 3*x, -3*x - 1 + o = 0. What is the tens digit of r?
3
Let o(j) = j**2 + j + 2. Let b be o(0). Suppose -b*i - 12 = i. Let z = 7 + i. What is the units digit of z?
3
Let j = 34 + 0. What is the units digit of j?
4
Let k = 6 - 2. Suppose 2*b + 0*b + k*o = 20, -12 = -b - 3*o. What is the units digit of ((-4)/b)/((-4)/18)?
3
Let x(q) = q**3 + 3*q**2 - 6*q - 4. Let g be x(-4). Suppose 4*h = -6*o + o - 6, 5*h + g*o = -12. What is the units digit of 1 + 1 + -2 - h?
4
Suppose 5*m - 12*t - 285 = -7*t, -5*m = -t - 305. What is the tens digit of m?
6
Let f(a) = a**3 - 2*a**2 - 2*a - 3. Let u be f(-2). Suppose q = 5*q - n - 84, -q = 3*n - 21. Let s = q + u. What is the units digit of s?
6
Let g(h) = h**2 - 5*h + 1. Let u be g(5). Suppose 2*l - u = 9. What is the units digit of l?
5
What is the units digit of 3*(-292)/(-6) - (-3)/1?
9
Suppose 